020
What is -61443 (base 7) in base 9?
-22480
Convert -18c07 (base 15) to base 16.
-139cc
Convert 180e (base 15) to base 8.
12105
What is -621 (base 13) in base 11?
-867
Convert 362600 (base 7) to base 5.
4101212
Convert -3430 (base 15) to base 8.
-25476
-111101110010 (base 2) to base 8
-7562
Convert 43333 (base 6) to base 16.
1749
What is -10414 (base 5) in base 3?
-1000012
5603 (base 8) to base 12
1857
Convert -1022201222 (base 3) to base 12.
-130b2
Convert 1ac (base 15) to base 3.
112100
Convert 497 (base 14) to base 3.
1020222
1372 (base 9) to base 12
725
432 (base 16) to base 4
100302
What is 10010100110 (base 2) in base 4?
102212
Convert -640 (base 9) to base 7.
-1344
-1110100212 (base 3) to base 5
-1404242
What is -175 (base 16) in base 11?
-30a
548 (base 16) to base 6
10132
What is -486e (base 16) in base 14?
-6a86
What is -144a (base 13) in base 5?
-43220
What is -1001110100 (base 2) in base 15?
-2bd
-2332 (base 10) to base 15
-a57
What is -2101210 (base 3) in base 5?
-23444
-5349 (base 15) to base 2
-100010011010011
Convert 1001100111 (base 2) to base 13.
384
Convert -418 (base 16) to base 9.
-1384
Convert -355256 (base 7) to base 6.
-1213332
110011111001100 (base 2) to base 15
7d17
What is -4103 (base 6) in base 5?
-12103
What is -1002122 (base 3) in base 14?
-412
Convert -2010022 (base 4) to base 14.
-3122
What is 3d5 (base 16) in base 12?
699
What is 494 (base 15) in base 12?
727
What is -13955 (base 13) in base 6?
-442035
What is c0 (base 13) in base 11?
132
What is 172 (base 11) in base 7?
404
What is -101 (base 11) in base 3?
-11112
-11b4b (base 12) to base 14
-8add
Convert -421 (base 7) to base 11.
-182
Convert -4521 (base 6) to base 7.
-3040
161 (base 12) to base 3
22001
What is -101110110 (base 2) in base 11?
-310
What is 123a (base 11) in base 10?
1616
Convert 2875 (base 9) to base 12.
1312
Convert -4223 (base 5) to base 16.
-233
What is 200022 (base 3) in base 11?
40a
Convert 5233 (base 8) to base 15.
c10
Convert 175a (base 12) to base 4.
223312
6411 (base 16) to base 5
1304432
1342213 (base 5) to base 2
110110010100000
Convert -54244 (base 7) to base 11.
-a16a
What is -11011201 (base 3) in base 8?
-5743
Convert -111010010001 (base 2) to base 10.
-3729
-126b (base 15) to base 6
-30102
-220 (base 10) to base 2
-11011100
Convert 1221001021 (base 3) to base 6.
451354
3132 (base 13) to base 16
1a91
10623 (base 8) to base 5
120444
22296 (base 10) to base 14
81a8
-1435 (base 7) to base 13
-346
What is -2889 (base 15) in base 5?
-234204
Convert 31957 (base 12) to base 3.
10022120111
What is 1241413 (base 5) in base 12?
122a8
Convert -10122021 (base 4) to base 8.
-43211
What is -12573 (base 8) in base 15?
-1969
What is 37646 (base 12) in base 5?
4401342
What is 1103 (base 11) in base 2?
10110101111
What is -10102111 (base 3) in base 9?
-3374
Convert -122135 (base 6) to base 8.
-25153
What is -102144 (base 5) in base 11?
-2633
Convert -a1 (base 14) to base 16.
-8d
1a72 (base 14) to base 10
4804
What is -143264 (base 7) in base 11?
-197a7
-132 (base 7) to base 13
-57
Convert 1110110000000 (base 2) to base 5.
220202
Convert 5410 (base 7) to base 4.
131332
What is 4604 (base 7) in base 16?
686
Convert -21131 (base 6) to base 7.
-11230
Convert 113722 (base 8) to base 3.
1222022111
Convert -1104a (base 12) to base 2.
-101011111111010
Convert 551 (base 12) to base 14.
3db
Convert -2780 (base 12) to base 5.
-121220
Convert -1100230 (base 4) to base 6.
-35524
What is 15502 (base 6) in base 11?
1a16
Convert -403402 (base 6) to base 9.
-47672
What is 32040 (base 5) in base 7?
6153
-11101111 (base 3) to base 5
-100244
1a17 (base 13) to base 4
331003
42ba (base 13) to base 10
9279
Convert -2be (base 16) to base 2.
-1010111110
Convert 1274 (base 9) to base 8.
1676
Convert 1004 (base 5) to base 8.
201
Convert 8aab (base 13) to base 4.
10233033
Convert 11013 (base 9) to base 5.
213202
What is 1256 (base 7) in base 12?
342
Convert -1164 (base 7) to base 12.
-306
-24332 (base 5) to base 9
-2466
-411 (base 6) to base 13
-b8
Convert -ab (base 14) to base 12.
-107
-12110000 (base 3) to base 12
-2369
Convert -a853 (base 12) to base 2.
-100100000111111
Convert 2329 (base 14) to base 10.
6113
What is 1226 (base 9) in base 10?
915
-526 (base 10) to base 4
-20032
What is 2023212 (base 4) in base 11?
6792
44611 (base 8) to base 16
4989
What is 2608 (base 11) in base 16?
d44
Convert 130 (base 5) to base 9.
44
-145505 (base 7) to base 2
-110111011011000
What is 7b (base 12) in base 7?
164
1100000100011010 (base 2) to base 5
3040214
Convert 382 (base 14) to base 13.
420
Convert 1244030 (base 5) to base 10.
24890
What is 300 (base 4) in base 2?
110000
What is -3281 (base 16) in base 6?
-135505
-1020020 (base 3) to base 9
-1206
Convert 300322 (base 4) to base 15.
dda
Convert 1e49 (base 16) to base 4.
1321021
What is 100110100100101 (base 2) in base 4?
10310211
-30b3 (base 13) to base 3
-100020112
Convert -5814 (base 10) to base 5.
-141224
Convert 1023011 (base 4) to base 9.
6528
Convert -235 (base 15) to base 10.
-500
What is -5ee8 (base 15) in base 10?
-20243
-259 (base 11) to base 10
-306
2503 (base 13) to base 15
1847
What is 293 (base 15) in base 14?
300
Convert -34413 (base 5) to base 9.
-3358
432 (base 14) to base 3
1010200
What is -13156 (base 10) in base 3?
-200001021
Convert 10100 (base 8) to base 12.
24a8
Convert -575 (base 12) to base 14.
-41b
What is a99 (base 16) in base 10?
2713
1000110011 (base 2) to base 13
344
What is 66761 (base 8) in base 16?
6df1
Convert 1001010200 (base 3) to base 10.
20511
4121 (base 5) to base 12
388
Convert -100002201 (base 3) to base 14.
-25bc
What is -99 (base 14) in base 12?
-b3
What is 11012 (base 4) in base 16?
146
Convert 6201 (base 9) to base 10.
4537
What is 37665 (base 9) in base 13?
b6b7
Convert b2 (base 15) to base 11.
142
What is 17656 (base 9) in base 10?
12201
Convert 123122 (base 5) to base 6.
34055
-1077 (base 14) to base 8
-5441
What is -3065 (base 7) in base 12?
-758
1977 (base 12) to base 15
dca
-34533 (base 8) to base 2
-11100101011011
-d3dd (base 14) to base 3
-1212000012
What is -16ba (base 12) in base 3?
-10202021
What is 526 (base 16) in base 5?
20233
What is -141 (base 11) in base 6?
-434
-10100110111101 (base 2) to base 12
-6225
Convert 23322 (base 7) to base 5.
142434
1001 (base 7) to base 4
11120
Convert 111432 (base 6) to base 7.
36362
Convert 10021 (base 3) to base 9.
107
Convert -25530 (base 7) to base 5.
-204113
What is 4524 (base 16) in base 11?
12331
What is 1b2b (base 12) in base 15?
ed2
Convert -5930 (base 13) to base 4.
-3010001
-200110 (base 3) to base 7
-1311
Convert -44530 (base 6) to base 5.
-144441
What is -57 (base 16) in base 2?
-1010111
-75557 (base 8) to base 12
-16353
Convert -6311 (base 7) to base 16.
-8a5
-26370 (base 10) to base 15
-7c30
What is 62e (base 16) in base 15?
707
Convert -213122 (base 8) to base 14.
-1bd74
337 (base 8) to base 9
267
8 (base 13) to base 11
8
-662 (base 8) to base 7
-1160
124111 (base 5) to base 11
3760
54115 (base 6) to base 5
214031
Convert 1000100000111 (base 2) to base 10.
4359
154601 (base 7) to base 12
1577b
-20201 (base 7) to base 3
-20201112
-1310530 (base 6) to base 11
-49780
What is 11453 (base 6) in base 15?
779
Convert 11100111110 (base 2) to base 4.
130332
102100 (base 3) to base 4
10302
Convert 14131 (base 9) to base 2.
10010101110010
What is -1248 (base 14) in base 9?
-4345
Convert 46a (base 16) to base 10.
1130
-3e7 (base 16) to base 6
-4343
30212 (base 10) to base 7
154040
What is 3631 (base 14) in base 2?
10010011101011
Convert 1000012200 (base 3) to base 13.
904b
13890 (base 10) to base 8
33102
149 (base 14) to base 2
100000101
11643 (base 8) to base 15
1752
-2216 (base 7) to base 6
-3405
c522 (base 15) to base 11
29330
What is 102341 (base 7) in base 13?
8072
-84e1 (base 16) to base 2
-1000010011100001
What is -742 (base 10) in base 12?
-51a
What is -211110200 (base 3) in base 9?
-24420
12312 (base 5) to base 9
1273
-1011010011100 (base 2) to base 3
-21221101
Convert 1010000011101 (base 2) to base 7.
21004
Convert -1302 (base 4) to base 8.
-162
What is 164 (base 8) in base 7?
224
What is -983 (base 15) in base 3?
-2221120
Convert -103300 (base 4) to base 3.
-1201211
What is -325324 (base 6) in base 7?
-142036
43521 (base 